- 47. Suppose -v - 5*r - 50 = -3*v, -3*r - 26 = -v. List the prime factors of z(v).
173
Suppose 5*y - 9 = -2*u, -y = 2*u - 28 - 1. Let i = u - 11. List the prime factors of i.
2, 3
Let b be ((-81)/6)/((-3)/(-6)). What are the prime factors of (b/18)/((-6)/20)?
5
Let c(i) be the third derivative of i**5/60 - 7*i**4/24 + 7*i**3/6 + 9*i**2. What are the prime factors of c(13)?
5, 17
Suppose 3*r - 4*s - 1533 = 0, 707 = 4*r - 5*s - 1336. List the prime factors of r.
3, 13
Let x = -11 - -16. Suppose -4*a + 4*o + 5 + 15 = 0, x*a - 3*o = 31. Suppose -8*p = -7*p - a. What are the prime factors of p?
2
Let a(b) = -2 - 13*b - 16 - 2*b + b**2. What are the prime factors of a(-10)?
2, 29
Let g(j) = j**3 - 7*j**2 + 7*j - 10. Let z be g(6). Let f(p) = 5*p**2 + 6*p + 2. List the prime factors of f(z).
2, 29
Suppose 0 = -13*h + 8*h. Suppose 3*b - 5*q + 35 = 12, h = -3*b - 3*q - 15. Let n(z) = -z**3 - 4*z**2 + 9*z + 4. List the prime factors of n(b).
2, 11
Suppose -5 - 4 = j + 4*o, -4*j = -5*o + 141. Let w be 4/(4/j) - 1. What are the prime factors of w/2*(-324)/90?
2, 3
Let t(k) = 8*k + 539. List the prime factors of t(42).
5, 7
Let q be -1 + -1 - (-24)/1. Let h be 14/(-21) + q/6. Suppose p + 45 = 3*p - h*y, 5*p + 2*y - 122 = 0. List the prime factors of p.
2, 3
Let s = 105 + -76. List the prime factors of s.
29
Let j(y) = -7*y**3 - 3*y**2 - 4*y + 2. List the prime factors of j(-4).
2, 11, 19
Suppose 3*r + 0*r = -18. Let z(n) = n**2 - n. Let i(b) = 7*b**2 - 2*b + 2. Let u(k) = r*z(k) + i(k). What are the prime factors of u(-6)?
2, 7
Let q be (48/9 + 0)*(-3)/(-2). List the prime factors of 536/q + -2*(-1 + 2).
5, 13
Suppose 5*a - 5*b - 8232 - 2498 = 0, 2*a = b + 4289. What are the prime factors of a?
2143
Let u(a) = 9*a**2 - 2*a - 1. Suppose -4*q + 2 = -2*l + 4, 0 = -3*l - 3*q - 6. Let r be u(l). List the prime factors of ((-28)/10)/(r/(-200)).
2, 7
Suppose -2*y - 6 = 0, m = y + 244 + 9. Suppose 5*g - 85 = m. What are the prime factors of g?
67
Let w(i) = 104*i + 45 + 106*i - 211*i. What are the prime factors of w(16)?
29
Let g be (3 + -3)/(-1) - -2. Suppose 10 + 10 = 5*a. Let k = g + a. List the prime factors of k.
2, 3
Suppose f - 2*s - 347 = 0, 0 = 2*f - 5*f + s + 1016. List the prime factors of f.
337
Let b(a) = 9*a + 5. Let o be b(-8). Let w = o - -115. List the prime factors of 5*(w/(-4))/(-4).
3, 5
Suppose -4*l = -l + 12. Let b(z) be the second derivative of z**5/20 + 5*z**4/12 + 2*z**2 - 5*z. List the prime factors of b(l).
2, 5
Suppose -2*d = -3 - 13. Let a(m) = d - 4 - 2 - 6 - m**2 - 11*m. List the prime factors of a(-9).
2, 7
Suppose -2*m + 2*w = 3*w - 11, -2*m + 14 = 4*w. Suppose 2*d - 78 - 13 = j, 185 = 4*d - m*j. What are the prime factors of d?
3, 5
Suppose -15*k = -16*k. Suppose k = b - 3*g + 3, 2*g = -4*b + g + 27. List the prime factors of b.
2, 3
Let j be (6 - 2)/(1 - -1). What are the prime factors of (0 + 190 - (-13 + 12)) + j?
193
Let i = -13 - -15. Suppose 48 = 4*z - i*z. List the prime factors of z.
2, 3
Let u = -4 - -7. Suppose u*s = 4*k - 229, k - 36 = -5*s + 27. List the prime factors of (3 - 1 - 3) + k.
3, 19
Let g = 118 + -82. List the prime factors of g/(-30)*13*-5.
2, 3, 13
Let b = 11 + -7. Suppose -5*m - 31 = b. List the prime factors of (m/2 - -3)*-4.
2
Let f = 3097 - 1226. List the prime factors of f.
1871
Let b = -91 - -31. Let o = b + 84. What are the prime factors of o?
2, 3
Suppose 2*w + 51 + 21 = -4*n, 5*n = -w - 42. List the prime factors of (-8824)/w + -2 + (-27)/(-12).
2, 3, 23
Suppose 48*p = 41*p + 13223. List the prime factors of p.
1889
Let n be 1/(-3 + -2) - 5722/(-10). Suppose 0 = 5*o - b - n - 363, 187 = o - 2*b. List the prime factors of o.
11, 17
Suppose -2*s - 6*g = -4*g - 1378, -4*g + 2065 = 3*s. List the prime factors of s.
691
Suppose -5*f - 3*k - 227 = 0, -4*k + 3*k - 90 = 2*f. Let x = f + 26. Let i(w) = -w**3 - 16*w**2 + 17*w + 7. What are the prime factors of i(x)?
7
Suppose -11*h = 51*h - 181846. List the prime factors of h.
7, 419
Let p(d) = -3 + 2 - d**2 + 3*d + 13*d**3 - 21*d**3 + 10*d**3. What are the prime factors of p(2)?
17
Suppose -b + 17 = 12. Suppose -5*l - 2*z = 0, -4*l = -l + b*z + 19. Suppose 5*x + 5*k = l*x + 118, -3*k = 3. List the prime factors of x.
41
Suppose 0 = -2*s + 3*m + 21, 5*s + 2*m = 3*m + 33. Let o be s*(2/4 + 1). What are the prime factors of o - (0 - 1 - -2)?
2
Suppose 0 = -4*o + l + 5763, 5*o - 3216 = 3*l + 3986. What are the prime factors of o?
11, 131
Suppose -7*o = -10*o + 600. What are the prime factors of o?
2, 5
Let j(k) = k**3 + 7*k**2 - 13*k + 43. What are the prime factors of j(7)?
2, 11, 29
Let u(d) = d**2 - 2*d + 13 + 4*d + 7*d + d. Let t be u(-9). Let s = 14 + t. What are the prime factors of s?
2, 3
Suppose -26 = -2*d - 2*y + 22, -d + 6 = -5*y. What are the prime factors of (-20)/(57/d + -3) + 0?
2, 5, 7
Let s(j) = -48*j - 4. Let t be s(-2). Let q be 6/(-4)*2 - 21. Let k = q + t. What are the prime factors of k?
2, 17
Suppose 0 = -488*y + 496*y - 19808. What are the prime factors of y?
2, 619
Let r be 2*(5 - 4) + 0. Suppose r*l = 111 + 43. List the prime factors of l.
7, 11
Let o = 7959 + -4120. What are the prime factors of o?
11, 349
Suppose 26*t + 2*t - 33040 = 0. What are the prime factors of t?
2, 5, 59
Suppose 2*r - 4*c = 4924, 0*c - 9848 = -4*r + 4*c. What are the prime factors of r?
2, 1231
Let z = -1 - -3. Let f(r) = 2*r**3 - 98*r + 3 - 1 - 5 - r**2 - 106*r + 206*r. List the prime factors of f(z).
13
Suppose -204 = 2*c + 5*j, 5*c = 2*j - 3*j - 556. Let y be -14 + 18 - c/2. Suppose 2*s + 0*s - y = 0. What are the prime factors of s?
2, 3, 5
Let a(m) = m**2 + 5*m + 7. Let o(v) = v**2 + 8*v - 13. Let q(i) = -10*i**2 - 2*i - 1. Let u be q(-1). Let z be o(u). List the prime factors of a(z).
3
Suppose 82 + 62 = 3*r. What are the prime factors of -4*3/(-12)*r?
2, 3
Let t(j) = 2*j**2 - 4*j + 3. Let g be t(2). Suppose -g*q = 3*u - q - 166, -2*u - 5*q = -107. What are the prime factors of u?
2, 7
Let o = -914 + 2440. What are the prime factors of o?
2, 7, 109
Suppose -5*b + 141 = -279. What are the prime factors of b?
2, 3, 7
Let x(t) = 16*t + 11. What are the prime factors of x(10)?
3, 19
Let l(q) = 44*q + 3. Let r be l(3). Let n be (r/18)/(3/8). Let p = n + 5. List the prime factors of p.
5
Suppose 12*y + 44 = 8*y. Let q(d) = d**2 + 9*d + 2. List the prime factors of q(y).
2, 3
Let s(m) = -3*m**2 + 15*m + 7. Let c be s(-8). Let y = c - -526. List the prime factors of y.
13, 17
Let u = -5566 + 8380. List the prime factors of u.
2, 3, 7, 67
Suppose 0*g + 5 = -5*g. Suppose 4*r - 154 = 3*x, -5*x - 3 - 7 = 0. What are the prime factors of (0 + r - g)*1?
2, 19
Suppose 8*r + 2358 = 14*r. What are the prime factors of r?
3, 131
Let o(q) = -q**3 - 12*q**2 + 17. Let z be o(-13). Suppose -z = 5*g - 11*g. List the prime factors of g.
31
Suppose 0 = -o - 0*y - 5*y + 13, 5*y + 35 = -5*o. Let p be o/(-28) + (-45)/7. What are the prime factors of ((-3)/p)/(2/12)?
3
Suppose -2*w - 42 = -5*w. Suppose b - w = -5*g + 22, -5*g = -5. What are the prime factors of b?
31
Let a(g) = -g + 2. Let z be a(-1). What are the prime factors of ((-106)/z)/((-7)/42)?
2, 53
Let i(p) = -2*p**3 + 10*p**2 - 2*p - 4. Let g be i(5). Let o = g - -16. Suppose -147 = -5*b - o*h - 61, 4*h - 10 = -b. What are the prime factors of b?
2, 3
Let d be (256/1)/4*2. Let q be (-4 + 23)/(1/(-4)). Let m = q + d. What are the prime factors of m?
2, 13
Suppose r - 13 = 3. Let c = -16 + r. Suppose c = -2*w - 2*l + 14, -2*w - 4*l - l = 1. What are the prime factors of w?
2, 3
Suppose 368 = -v + 5*v. Let f = v + -23. List the prime factors of f.
3, 23
Let o(g) = -7193*g + 7176*g + 15 + 0*g**2 + 9 - 2 + g**2. Suppose b + 4*b - 85 = 0. List the prime factors of o(b).
2, 11
Let g(u) = 88*u + 85*u + 147 - 170*u. List the prime factors of g(0).
3, 7
Suppose 5 - 7 = -y. Let g = y - -2. List the prime factors of (g/(-8))/(1/(-62)).
31
Let u = 1673 + -936. Let q = 1127 - u. Suppose -4*j - j + q = 0. What are the prime factors of j?
2, 3, 13
Suppose 5*o = -20 - 0. Let l be o/(-6)*(-261)/6. Let b = -2 - l. List the prime factors of b.
3
What are the prime factors of -3*1 - 606816/(-112)?
3, 5, 19
Let b(n) = n. Let m be b(2). Let d be 5/3 - (-3)/9. Suppose -d*r + 75 = 5*l, 0 = 4*l - m*r + 4*r - 58. What are the prime factors o